pose 2*a - 400 = -w*a. Suppose -2*h + 4*i = -6*h + a, 0 = 3*h - 2*i - 35. Calculate the greatest common divisor of 3 and h.
3
Suppose -4*j = -0*j - 3*r + 32, 0 = -2*j + 4*r - 16. Let y(k) = -k**2 - 13*k - 10. Let s be y(j). What is the greatest common factor of 60 and s?
30
Suppose 6*a + 18*a = 2088. What is the highest common divisor of 435 and a?
87
Suppose 81*y + 90 = 83*y. Suppose -3*t + 4*t = 18. What is the highest common divisor of y and t?
9
Suppose 2*t - 6 = 0, 0 = g + 4*t - 62 - 494. What is the highest common factor of g and 34?
34
Suppose 4*h = 5*u + 8*h - 110, 11 = u + 3*h. Let c = 58 - -20. Calculate the greatest common divisor of c and u.
26
Let d = -248 + 140. Let u be ((-2)/(-3))/((-3)/d). Suppose -u = -2*l - 0. What is the greatest common factor of 48 and l?
12
Let g be (102/10)/(33/1155). What is the greatest common divisor of 170 and g?
17
Let w be 7 - ((-6)/2)/(-1). Let s be ((-36)/2)/(w - 6). What is the highest common factor of 9 and s?
9
Suppose 49*x - 70 = 14*x. Let s(b) = b + 12. Let j be s(-8). What is the greatest common factor of j and x?
2
Suppose -15*c - 44 = -16*c. What is the highest common factor of 176 and c?
44
Let a(s) = 37*s - 12. Let f(z) = -75*z + 23. Let q(m) = -5*a(m) - 3*f(m). Let o be q(6). What is the highest common factor of o and 21?
21
Suppose -238 + 58 = 4*y. Let w be (y/(-12))/((-3)/(-16)). Calculate the highest common divisor of w and 5.
5
Let q = 199 - 160. Calculate the highest common divisor of q and 78.
39
Let s(y) = -33 + 5*y + 39 - 2*y. Suppose -3*i = 3*x - 24, 2*x - 5*i - 25 = -10*i. Let j be s(x). Calculate the greatest common factor of 14 and j.
7
Let j(i) = -27*i - 115. Let d be j(-7). Calculate the highest common divisor of 1406 and d.
74
Suppose 27*g - 6730 = 2990. Calculate the highest common divisor of g and 45.
45
Let g(h) = 12 + 3*h + 2*h + 2*h + h**2 + 0. Let z be g(-10). Suppose 35 = -5*w + 175. What is the greatest common factor of z and w?
14
Let g(m) = 259*m - 3. Let d be g(1). Calculate the highest common divisor of 40 and d.
8
Let l(k) = k**3 + 9*k**2 + 9*k - 2. Let h be l(-8). Let p(t) = -4*t - 32. Let x be p(h). Calculate the greatest common divisor of 24 and x.
8
Let l be -12*(2 - (-5)/(-1)). Let q be (0 + -1)/(13/(-624)). Suppose 0 = -6*v + 264 - q. What is the highest common factor of l and v?
36
Let k be 3/5 - (0 - (-666)/(-15)). Suppose -a - 3*p + 3 = -k, 3*p = -5*a + 240. Calculate the greatest common factor of 24 and a.
24
Let i = 4 + 4. Let w(o) = 7 - 8*o**2 - 5 + o**3 + 6. Let n be w(i). Calculate the greatest common divisor of 8 and n.
8
Suppose -35*j + 40*j - 255 = 0. What is the highest common factor of 34 and j?
17
Let z be 74/(-259) + 7/(147/972). Calculate the highest common divisor of z and 851.
23
Suppose -2*k + 3 = -1. Let d be 200/55 + 12/33. Let g be d - (3 - k - 5). Calculate the highest common factor of 2 and g.
2
Let q = -420 + 278. Let j = q - -217. What is the highest common divisor of j and 15?
15
Let h = 3 - 3. Suppose -2*j + 5 = -3*j, h = -5*m + 2*j + 685. Calculate the highest common divisor of m and 54.
27
Let z(p) = -p**2 - 9*p + 10. Let y be z(-7). Calculate the highest common factor of y and 312.
24
Let x(w) = -w**2 + 2*w - 1. Let m be x(2). Let k be m - -3 - -2*13. Suppose 0 = -2*b + 4*b - 28. Calculate the highest common divisor of k and b.
14
Let r = 159 + -21. Suppose -f + 4*q + 21 = 0, 3*f - 3*q + r = 6*f. What is the highest common divisor of f and 41?
41
Let d = 11 - 5. Suppose -d = -c - c. Calculate the highest common factor of c and 9.
3
Let n be (((-900)/24)/25)/((-1)/2). Calculate the greatest common factor of n and 765.
3
Let y be (-6)/45 + (-3612)/(-90). Calculate the greatest common factor of y and 56.
8
Suppose -8*g + 125 = 21. Let m(x) = -x**2 + 17*x + 4. Let b be m(g). Let a(u) = 15*u**2 - u. Let p be a(1). What is the highest common divisor of b and p?
14
Let r be ((-162)/(-8))/((-10)/40). Let f be ((-8)/(-10))/((-2)/(-395)). Let w = f + r. Calculate the greatest common factor of 7 and w.
7
Suppose -3*h = -4 - 5. Suppose 2*w = h*z + 12, 4*w + 4*z - 20 - 4 = 0. Let r be -12*6/(-72)*6. What is the greatest common divisor of w and r?
6
Let s(y) = -5*y**2 + 1. Let o(q) = -q**3 + 10*q**2 - 8*q - 11. Let c be o(9). Let l be s(c). Let n = l - -26. Calculate the highest common divisor of 1 and n.
1
Let u(f) = f**3 - f**2 + f + 1. Let j(m) = -m**2 - 8. Let v(w) = j(w) + u(w). Let y be v(3). What is the greatest common factor of 35 and y?
5
Let p be (-28)/(-2) - (-2 - -1). Suppose -4*f + 3*f + 5 = 0. Let v be (-27)/(-6)*6*f. What is the greatest common divisor of v and p?
15
Let f(c) = -2*c**3 + 58*c**2 + 69*c - 60. Let m be f(30). Calculate the highest common factor of m and 330.
30
Suppose 5*i + 142 = 37. Let o be 2/7 - 120/i. Suppose 3*d + 3*b + 6 + o = 0, -d - 5*b = 24. What is the highest common divisor of d and 9?
1
Let t(s) = -s**2 - 19*s - 6. Let f be t(-18). Let z(k) = k**3 - 11*k**2 - 7*k - 24. Let g be z(f). What is the highest common divisor of 4 and g?
4
Let r(u) = u**2 + 6*u. Let z be r(-6). Suppose z = -5*o - 10 - 5. Let h be ((-27)/15)/(o/20). Calculate the greatest common divisor of h and 108.
12
Let c(u) = -4*u**3 - 21*u**2 + 16*u - 2. Let j be c(-6). Calculate the greatest common divisor of 10 and j.
10
Suppose -6*n + 2*n = -16. Suppose 2*r + 9 = 2*p - 35, n = -2*r. Calculate the greatest common divisor of 140 and p.
20
Suppose -43 = 4*f + 53. Let a be (-1258)/(-12) - ((-116)/f + -5). Calculate the highest common divisor of a and 21.
21
Let u(t) = 2*t**3 + 25*t**2 - 46*t + 19. Let c be u(-14). Calculate the greatest common factor of c and 200.
25
Suppose 2*g + 5*f = -0*g + 153, 4*g - 297 = -f. Suppose 4327 = -16*s + 7287. What is the highest common factor of g and s?
37
Let m be 7 + 16 + -1 + 0. What is the highest common divisor of m and 242?
22
Let c = -2765 - -3277. What is the greatest common factor of 448 and c?
64
Let l = 27 - 48. Let b = l - -18. Let z = 9 - b. What is the greatest common divisor of 24 and z?
12
Suppose 6*y + 79 = 13. Let f be 5/2*(3 - y). What is the highest common divisor of f and 105?
35
Let f be (4 + (-867)/(-6))/(96/256). What is the greatest common factor of f and 180?
36
Let y(m) = -1 - 12 - 6*m + 5*m. Let l be y(9). Let b = 78 + l. Calculate the highest common factor of 7 and b.
7
Suppose -2*w = 105 + 5. Let z = w - -119. What is the highest common divisor of z and 16?
16
Suppose -6*r + 11*r = -110. Let m be (0 - 0) + 4 + 34. Let s = r + m. What is the greatest common factor of s and 40?
8
Suppose 4*x + y - 104 = 0, 0 = -2*y + 8 - 0. Calculate the greatest common divisor of x and 50.
25
Suppose 5*k + 3 = d + 16, -3*d = -4*k + 17. Let t be 10/d*855/(-25). Calculate the highest common factor of 19 and t.
19
Let g = -908 + 911. Calculate the highest common divisor of g and 252.
3
Let c(v) = -45*v + 470. Let n be c(9). What is the highest common divisor of n and 169?
13
Suppose 5*v = 3*v + 20. Let g be (-4)/v + (-1053)/(-45). What is the greatest common divisor of 207 and g?
23
Suppose 13 = i + 3. Let q be (-4)/i*-5 + 17. What is the highest common factor of 19 and q?
19
Let p(g) be the second derivative of -g**5 - g**4/4 - g**3/6 + 2*g**2 + 4*g. Let o be p(-2). What is the greatest common divisor of o and 14?
14
Suppose 17*a = 1021 - 222. What is the greatest common factor of 188 and a?
47
Suppose 19*a - 2175 = 4*a. Calculate the highest common divisor of 10 and a.
5
Suppose -33*h + 100 = -29*h. Suppose -x = -h - 8. Calculate the greatest common divisor of 99 and x.
33
Let p = -17 - -31. Suppose -10 - p = -j. Let d be (-48)/15*(-15)/6. Calculate the greatest common divisor of j and d.
8
Suppose -21*l - 11 = -263. Calculate the highest common factor of 60 and l.
12
Suppose 2*s = 3*i + 55, -3*s + 6*s + 5*i - 111 = 0. Suppose s = 5*y + 2. What is the greatest common divisor of 42 and y?
6
Let c = 16 - -33. Suppose -2*a - 3*g = -17, -2*g + 15 = -5*a + 48. Calculate the greatest common divisor of a and c.
7
Suppose 0 = -2*y + 8, 0*y = 4*v + y + 232. Let m = -45 - v. Let g be (112 - -2) + -1 + -1. Calculate the highest common factor of g and m.
14
Let u be (33 - 3)*6/12. What is the highest common factor of 555 and u?
15
Let b(w) = w**3 - 17*w**2 - 17*w - 13. Let t be b(18). Suppose